nd c.
12
Let c be (-1)/((14/(-124))/7). Let w(l) = -l**2 + 32*l + 31. Suppose -10*x + 160 = -160. Let s be w(x). What is the highest common divisor of c and s?
31
Let q(x) = 5*x**2 - 7*x + 349. Let k be q(34). Calculate the highest common divisor of 137 and k.
137
Let r(p) = p**2 - 28*p - 281. Let a be r(41). Let f be 0 - (408/2)/2. Let o be (-2)/(-3)*(-17)/(f/a). Calculate the greatest common factor of 112 and o.
28
Suppose 118 = k - 0*k. Suppose 8*s - 3*w = 2781 - 2333, s - 5*w = 19. What is the highest common divisor of s and k?
59
Suppose -k - 1 = -17. Suppose 3*p - 79 = 2*b, -2*b = -2217*p + 2215*p + 56. Suppose -k*a - 105 = -p*a. What is the greatest common factor of a and 60?
15
Suppose 0 = 2*w - 6 - 0, -2*w - 156 = -3*i. Calculate the highest common divisor of 3618 and i.
54
Suppose 5*n = l - 2, 3*n - 3 = -l + 3*l. Let y be 2888/24 - n/(-3). Calculate the greatest common factor of y and 15.
15
Suppose -13*f + 2*s = -15*f + 1882, 4693 = 5*f - s. Let p = f - 869. Calculate the highest common factor of p and 56.
14
Suppose 2 = 2*l, -2*l + 183 = 4*m - 7*l. Let n = m - -17. Suppose 2*j + 24 = 4*u, 6*j = -5*u + 2*j + 56. What is the highest common factor of u and n?
8
Let l(x) = x**3 + 3*x**2 - 5*x. Let f(z) = -4*z - 31. Let t be f(-7). Let w be l(t). Calculate the greatest common factor of w and 40.
5
Suppose 29*p = p + 140. Suppose o + 2*i - 32 = 0, -p*o + 12*i + 147 = 9*i. What is the greatest common divisor of 2 and o?
2
Let x = -5725 - -5737. Calculate the highest common factor of 582 and x.
6
Let r(n) = -n**3 - 11*n**2 - 8*n + 26. Let q be r(-10). Let a(s) = 3*s**3 - 13*s**2 - 2*s - 6. Let o be a(q). Calculate the highest common divisor of 18 and o.
18
Let k(h) = h**3 - 8*h**2 + 8*h - 8. Suppose 3*d = -0*d + 21. Let g be k(d). Let b be g + (0 + -3 - -18). What is the highest common factor of b and 14?
14
Let f = 26 + -23. Let x be (37 + (-2)/2)*(f + -2). What is the highest common divisor of 24 and x?
12
Let l(o) = o**2 + 20*o - 149. Let a be l(6). Suppose -4*k - 4*p = -84, 45 = 2*k - 2*p + a*p. What is the greatest common factor of 260 and k?
20
Suppose -4*t = -344*w + 343*w - 317, -w = 5*t - 412. What is the greatest common factor of 621 and t?
27
Let n = 8 - 33. Let a = -9 - n. What is the greatest common factor of a and 64?
16
Suppose 0 = -18*b + 13*b - 1320. Let j = b + 351. What is the greatest common divisor of 609 and j?
87
Let a = 78 - 35. Let h = 332 + 12. What is the highest common factor of h and a?
43
Suppose 0 = 2*i - 2*l + 254, 74 = -2*i - 5*l - 145. Let t = i + 276. What is the greatest common divisor of 14 and t?
14
Suppose 24*i + 4*i = 56. Let p be 15/i*1428/70. What is the greatest common divisor of p and 17?
17
Let y = -7037 - -7577. Calculate the highest common factor of 3375 and y.
135
Let j(z) = -5*z - 63. Let r be j(-11). Suppose 0*p = -2*p - 84. Let k be (-2)/3*p*(-2)/r. Calculate the highest common factor of 7 and k.
7
Suppose 5*x + i - 735 = 2*i, -4*x + 564 = 4*i. Suppose 0 = -4*t + 44, -69*t + 712 = 3*r - 64*t. What is the highest common factor of x and r?
73
Suppose 27*r - 18220 = 1544. What is the highest common divisor of r and 324?
12
Let d(n) = n**3 - 8*n**2 - 6*n - 19. Let k = -53 + 57. Let y(j) = 4*j - 7. Let l be y(k). Let g be d(l). What is the highest common divisor of 40 and g?
8
Let t(b) = -11*b + 65. Let a be t(5). Suppose g = a*g - 630. Calculate the greatest common divisor of 30 and g.
10
Let r be 31/11 + ((-52)/(-22))/13. Let x(j) = j**3 - 8*j**2 - 10*j - 3. Let g be x(9). Let h be (-30)/6*g/10. What is the greatest common divisor of r and h?
3
Let k(g) = g**2 - 9*g - 7. Let q = 25 + -11. Let t be k(q). Let j(a) = 9*a - 24. Let z be j(5). Calculate the greatest common divisor of z and t.
21
Let o be (-21)/18*136/(-238)*87/2. What is the greatest common divisor of o and 7279?
29
Suppose -3*t + 52 = 34*z - 29*z, -5*t + 64 = -3*z. What is the highest common factor of 362 and t?
2
Let m(z) = 3005*z**3 + 0*z**2 + 12*z - 3004*z**3 + 34 - 8*z**2 + 0. Let x be m(6). What is the greatest common divisor of 34 and x?
34
Suppose 27*y + 30 - 516 = 0. Suppose 2940 = -y*z + 33*z. Suppose -3*f = -15, 0 = -5*w + 2*w - 5*f + 172. What is the highest common divisor of w and z?
49
Let c = 1409 + -1387. Suppose -z + 938 = 5*f - 0*z, f - 2*z - 181 = 0. Calculate the highest common factor of f and c.
11
Let z = -7863 - -7891. What is the greatest common divisor of 4046 and z?
14
Let g(r) = -r**2 + 77*r - 441. Let j be g(70). Let a(i) = 6*i**2 - 4*i - 2. Let p be a(-5). What is the highest common divisor of p and j?
7
Let l(d) = -6*d + 3. Let s be 6 + 16/(0 - 4). Let q be l(s). Let i be (1/3 - q/(-27)) + 153. Calculate the highest common factor of i and 9.
9
Suppose 41*k - 12 = 38*k. Suppose -3*f - k*s + 89 = 0, 191 = 8*f - 3*f - 4*s. Let r = 52 - f. Calculate the greatest common factor of 34 and r.
17
Suppose n + 2*n - 277 = 2*y, 0 = -5*n - y + 440. Calculate the highest common factor of 1 and n.
1
Let z be 553/(-395)*-2*(-10)/(-4)*2. What is the greatest common divisor of z and 278?
2
Let z = 71 - -14. Let q = -38 + 252. Let w = q - 180. What is the greatest common factor of w and z?
17
Let n = -2797 + 2940. Calculate the highest common factor of n and 176.
11
Suppose 26*h + 80 = 30*h. Let u(g) = 4*g - 1. Let j be u(h). What is the greatest common divisor of j and 316?
79
Let j(u) = -69*u + 3. Suppose 3*k + 2*w + 139 = 0, 73 = -2*k - 3*w - 28. Let d = k - -42. Let p be j(d). What is the greatest common factor of p and 8?
8
Suppose -34*y - 23*y + 23345 = -22*y. What is the greatest common factor of 253 and y?
23
Let k = -63 - -354. Suppose 29 = 8*w - k. Suppose -33 = -5*m - 3*o + 44, -5*o = -2*m + 37. What is the highest common divisor of w and m?
8
Let x be ((-506)/138)/((-2)/18). Calculate the highest common factor of x and 1837.
11
Suppose 3*p + 284 = 7*p. Suppose 65 = 3*s - 3*r - 109, 0 = 2*r - 16. Let o = p - s. What is the greatest common factor of o and 80?
5
Let j be (912/(-133))/(636/(-63) + 10). Calculate the greatest common divisor of 63 and j.
9
Suppose -2*d + 20 = -52. Let j = -24080 - -24107. Calculate the highest common divisor of d and j.
9
Suppose 4*t - 2*i = 572, 0 = -t - 3*i + 5*i + 140. What is the greatest common factor of t and 9?
9
Suppose -7330*j = -7839*j + 14252. Let x be (642 - (0 + -1)) + 1. Calculate the greatest common factor of x and j.
28
Let d be -14 + 0 - (-300 + -1 + -38). Suppose -3*r + 109 + 8 = 0. What is the highest common factor of r and d?
13
Suppose 183*p - 186*p - 586 = -2*o, p = 3*o - 893. Calculate the greatest common divisor of 65 and o.
13
Let k = -27 - -63. Let l be 90/(-5) - 1458/(26 - 44). What is the greatest common factor of k and l?
9
Let l = 2057 + -1757. Calculate the highest common divisor of 1068 and l.
12
Suppose 3*m + 64 = -h, -4*m - h - 70 = 15. Let s be (-4)/7 - ((-51)/m - -1). Let z be (-316)/(-8) + 6/s. Calculate the highest common divisor of z and 114.
38
Let l = 17033 - 12469. What is the greatest common divisor of l and 28?
28
Let v(b) = 38*b**2 - 5*b - 1. Let u be v(-2). Suppose -18*c + u = 5*c. What is the greatest common divisor of c and 420?
7
Suppose 16*h - 1573 = 18*h - 15*h. Calculate the highest common divisor of h and 88.
11
Suppose 0 = -5*k + b + 1891, 0 = -24*k + 22*k - b + 755. What is the greatest common factor of 210 and k?
42
Let l(x) be the first derivative of -x**4/4 - 13*x**3/3 - 5*x**2/2 - 29*x + 52. Let r be l(-13). What is the highest common factor of 90 and r?
18
Let f = -307 + 807. Let s = -118025 + 118045. What is the greatest common factor of s and f?
20
Suppose -s + 2*t = -3, 10 = -8*t + 3*t. Let k be ((-57)/6)/(s/6). Let h be (-2 - -1*7) + -2. Calculate the highest common factor of k and h.
3
Let c(q) be the second derivative of -5/12*q**4 + 15*q + 1/3*q**3 + 1/20*q**5 - 6*q**2 - 1. Let n be c(6). What is the greatest common divisor of n and 18?
18
Suppose -5*z + 46 = -99. Let d = z - 29. Suppose d = -2*j + 5 + 1. Calculate the greatest common factor of 1 and j.
1
Let s = -221 + 380. Let z be s + 9 + 12/(-2). What is the greatest common divisor of z and 6?
6
Let i(w) = -5*w - 125. Let x be i(-27). Let t be (-1)/x*-1 - (-291469)/410. What is the highest common factor of t and 79?
79
Let a = -17884 - -18208. What is the 